 is -30 + 71?
41
In base 10, what is 26 + 280?
306
In base 6, what is 0 + -2454?
-2454
In base 16, what is 64 - a?
5a
In base 12, what is -3 + -38?
-3b
In base 11, what is -142 + -8a?
-221
In base 10, what is 4 - 21?
-17
In base 2, what is -1001 + 10100011?
10011010
In base 3, what is 1121 + 1000?
2121
In base 3, what is 10 - 210001?
-202221
In base 10, what is -51 + -3?
-54
In base 7, what is 1131 + -5?
1123
In base 8, what is 3 - 376?
-373
In base 3, what is 11 + 1021200?
1021211
In base 7, what is -11 + -3661?
-4002
In base 10, what is 86 + -4?
82
In base 15, what is -1ac - 5?
-1b2
In base 16, what is 12 + 13?
25
In base 16, what is 2 - -1bd?
1bf
In base 6, what is 2 - -22344?
22350
In base 15, what is -1 - -c8?
c7
In base 12, what is 1 + -1a04?
-1a03
In base 3, what is 10 + 1002020?
1002100
In base 9, what is -1 - -105?
104
In base 7, what is -45 - 15?
-63
In base 13, what is 1113 - 4?
110c
In base 5, what is 2 + 40?
42
In base 6, what is 401 + -4?
353
In base 9, what is -87 - -1?
-86
In base 8, what is -3 - -2124?
2121
In base 6, what is 33 - 4?
25
In base 14, what is 68a - -1?
68b
In base 8, what is 13 + 40?
53
In base 4, what is 21122 + 10?
21132
In base 11, what is -1 - -234?
233
In base 6, what is 2 + 1120?
1122
In base 3, what is 1 + 22002?
22010
In base 15, what is -13b + -3?
-13e
In base 15, what is -5 - -530?
52a
In base 4, what is -10203 - 3?
-10212
In base 3, what is 1 - 111?
-110
In base 3, what is 11 - 1010122?
-1010111
In base 2, what is 101 + -1001001?
-1000100
In base 4, what is -22 - 10021?
-10103
In base 6, what is 2410 + -1?
2405
In base 2, what is 100 + 1100001111?
1100010011
In base 16, what is -12 + -30?
-42
In base 11, what is 74 - 2?
72
In base 14, what is 7 + 17?
20
In base 7, what is 5 - -11?
16
In base 9, what is 5 - 12?
-6
In base 4, what is 101312 + 0?
101312
In base 13, what is 1b + 11?
2c
In base 12, what is -23 + 3a4?
381
In base 8, what is -214 - 4?
-220
In base 2, what is 101 + 100010111001?
100010111110
In base 2, what is 111000 - 110?
110010
In base 3, what is -20002 - -2?
-20000
In base 11, what is -1993 + 3?
-1990
In base 7, what is 256 - -3?
262
In base 7, what is -50234 + 2?
-50232
In base 2, what is 110 - 10100011111?
-10100011001
In base 14, what is 5 + -1a?
-15
In base 2, what is 1001101011000 + -10?
1001101010110
In base 14, what is -34 - 3?
-37
In base 14, what is 5 + 193?
198
In base 9, what is 76 + -5?
71
In base 13, what is 0 + -12c6?
-12c6
In base 9, what is 1633 - 11?
1622
In base 12, what is 9 + 30?
39
In base 8, what is -6 + 2032?
2024
In base 10, what is -447 + 0?
-447
In base 2, what is -10100001110 + 1?
-10100001101
In base 9, what is 8 - 136?
-127
In base 6, what is -3024 + -10?
-3034
In base 6, what is 5000 + 5?
5005
In base 12, what is a490 - 1?
a48b
In base 9, what is -4 + -37?
-42
In base 12, what is 2 + -287?
-285
In base 3, what is 122020 - -200?
122220
In base 9, what is -5 - -3475?
3470
In base 13, what is -c0 - -5?
-b8
In base 11, what is -181 - 134?
-305
In base 11, what is 264 + -1?
263
In base 7, what is 21551 - 4?
21544
In base 15, what is -107 + c?
-ea
In base 12, what is -5 + -123?
-128
In base 14, what is 1c + -117?
-d9
In base 2, what is 100 - -100110111?
100111011
In base 14, what is -9b - 7?
-a4
In base 4, what is 101331 + -10?
101321
In base 5, what is -1241 + -202?
-1443
In base 16, what is -14 + 18?
4
In base 14, what is -a1 - 5?
-a6
In base 10, what is 130 - -2?
132
In base 14, what is -b73 - 1?
-b74
In base 13, what is -1544 - -2?
-1542
In base 9, what is -776 + 5?
-771
In base 9, what is 824 + 5?
830
In base 3, what is 120 - -1111012?
1111202
In base 5, what is 323 - -34?
412
In base 3, what is 2 + -1122211?
-1122202
In base 15, what is 5b + -19?
42
In base 6, what is -5 + 15?
10
In base 16, what is 2 - -b7?
b9
In base 6, what is -435 - 1?
-440
In base 12, what is 1 - -399?
39a
In base 15, what is 6b2 + 4?
6b6
In base 9, what is -231 - -4?
-226
In base 13, what is 0 + 1502?
1502
In base 8, what is 6 - -2626?
2634
In base 4, what is -20113 - -1?
-20112
In base 16, what is 293 + -6?
28d
In base 12, what is 0 - 54?
-54
In base 16, what is c + 2?
e
In base 13, what is -5 + -107?
-10c
In base 10, what is 43 + -5?
38
In base 9, what is 21 - 50?
-28
In base 15, what is -4 - -128?
124
In base 3, what is 2 + 1011?
1020
In base 3, what is -11 - -2012?
2001
In base 11, what is -13 - -2?
-11
In base 9, what is 3 + 16?
20
In base 6, what is 55 + 25?
124
In base 6, what is -14 + 1035?
1021
In base 10, what is -554 - 3?
-557
In base 8, what is -2 + 1317?
1315
In base 14, what is 32 + c?
40
In base 9, what is -22 - -13?
-8
In base 9, what is 1 + -74?
-73
In base 5, what is 10 - -102?
112
In base 9, what is -247 + -5?
-253
In base 16, what is 10 - 40?
-30
In base 15, what is -10 + 30?
20
In base 4, what is -1021 + 1?
-1020
In base 4, what is -222203 - 1?
-222210
In base 13, what is -47 - 3?
-4a
In base 9, what is 2554 - -3?
2557
In base 5, what is -114 - -32?
-32
In base 8, what is 3 + 1077?
1102
In base 14, what is 26d4 + -3?
26d1
In base 14, what is 1001 - 5?
dda
In base 6, what is -333 + -2?
-335
In base 5, what is 212 - -14?
231
In base 2, what is 100000101 - 110?
11111111
In base 16, what is 3 - 32?
-2f
In base 11, what is 54 + -7?
48
In base 3, what is -211 + -10120?
-11101
In base 11, what is 15a4 - -3?
15a7
In base 8, what is -11 + 354?
343
In base 12, what is -2 - -166?
164
In base 4, what is -12123 + -3?
-12132
In base 13, what is 36 + -24?
12
In base 5, what is -11 + 100?
34
In base 13, what is b7 - 5?
b2
In base 4, what is 122 + 2100?
2222
In base 6, what is 1241151 + -4?
1241143
In base 10, what is 5 - -927?
932
In base 6, what is -34045 - 1?
-34050
In base 2, what is 10001111 - -1?
10010000
In base 5, what is -2320 - -1?
-2314
In base 14, what is 1b + -1?
1a
In base 14, what is 33 - -b?
40
In base 8, what is 4 - -2023?
2027
In base 8, what is 2 - -105?
107
In base 11, what is 5a - 7?
53
In base 3, what is 1200 + -101?
1022
In base 4, what is 3 + 31132?
31201
In base 9, what is 103 + 58?
162
In base 11, what is 3 - -223?
226
In base 6, what is -445 + 0?
-445
In base 13, what is 4239 + -1?
4238
In base 9, what is 178 + -4?
174
In base 16, what is -4 + -f1?
-f5
In base 9, what is 573 + -50?
523
In base 7, what is -13 + -25?
-41
In base 4, what is 11 - -1230?
1301
In base 13, what is 267 + -2?
265
In base 3, what is 2100 - -12?
2112
In base 6, what is -12 + -130?
-142
In base 2, what is -1000 - 1?
-1001
In base 13, what is 0 + 31?
31
In base 9, what is 12747 + 0?
12747
In base 6, what is -101 + 5?
-52
In base 2, what is 10 - 1001110?
-1001100
In base 13, what is 6 - -4c?
55
In base 5, what is 4 - 12?
-3
In base 7, what is 2315 - -4?
2322
In base 2, what is 1 - -111?
1000
In base 16, what is 4 + -3b6?
-3b2
In base 15, what is 1 + 65?
66
In base 9, what is 434 + 4?
438
In base 9, what is -6 + -458?
-465
In base 6, what is -51 + 514?
423
In base 14, what is -1 + 5b?
5a
In base 9, what is 6 - 162?
-155
In base 3, what is -2011 + -1?
-2012
In base 12, what is 15 + 117?
130
In base 13, what is -44c - -4?
-448
In base 9, what is -12 + -134?
-146
In base 9, what is -13 - -14?
1
In base 7, what is -13 + -11?
-24
In base 15, what is 1 + 54?
55
In base 16, what is -3 - 91?
-94
In base 3, what is -1010 - -212?
-21
In base 8, what is 17 - -11?
30
In base 4, what is 1213 - 0?
1213
In base 5, what is 314100 + 4?
314104
In base 7, what is -420 + -32?
-452
In base 16, what is -18b + -3?
-18e
In base 2, what is 100100010 - 1?
100100001
In base 8, what is -22 + 21?
-1
In base 8, what is -60 - 0?
-60
In base 8, what is -3 + -37?
-42
In base 8, what is -2 - -2164?
2162
In base 2, what is 1001 + -1110110?
-1101101
In base 15, what is 1bc - -16?
1d3
In base 15, what is 2 - -21ca?
21cc
In base 10, what is -6 + 1703?
1697
In base 12, what is -74 + -3?
-77
In base 3, what is -10 + 20?
10
In base 12, what is -16 + -392?
-3a8
In base 14, what is d43 + -5?
d3c
In base 11, what is -6 - -8?
2
In base 3, what is -110222 + 101?
-110121
In base 13, what is 165 - -2?
167
In base 6, what is -2 + 50314?
50312
In base 7, what is -103405 + 2?
-103403
In base 9, what is -4 - -3031?
3026
In base 15, what is -27 - 6?
-2d
In base 11, what is 3a - 361?
-322
In base 10, what is 5 - -2687?
2692
In base 6, w